is divided by n?
12
Suppose 0 = d - 4*d + 15. Suppose -5*s - 2 = 3. What is the remainder when 3 + s - (d - 20) is divided by 6?
5
Suppose -10 = -2*c - 2. What is the remainder when 13 is divided by c?
1
Let h(d) = d**3 + 7*d**2 + 4*d - 8. Let j be h(-7). Let r = -22 - j. What is the remainder when 26 is divided by r?
12
Let y = -47 - -51. Calculate the remainder when y is divided by 2.
0
Suppose 3*m + 4*s = -14, -4*m + 3*s + 29 = 6. Calculate the remainder when 37 is divided by m/4*20/1.
7
Let v(o) = 4*o**2 - 14*o + 3. Suppose -p - 250 = 5*y, y = -2*p - 26 - 15. Let q = y + 71. What is the remainder when q is divided by v(4)?
9
Let d be 2*((-51)/(-6) + -3). Suppose g + 3 = 4*g, 5*v + g = d. Suppose -3*q + v*q + 1 = 0. What is the remainder when 1 is divided by q?
0
Let r(f) = f**3 + 7*f**2 - 8*f + 5. Suppose -5*i - 1 = 39. Calculate the remainder when 7 is divided by r(i).
2
Let m(g) = 2*g - 5. Suppose 3*x + z + 0*z - 14 = 0, 0 = -z + 2. Let l be m(x). What is the remainder when 28 is divided by ((-5)/2)/(l/(-12))?
8
Suppose -5*k - 4*i + 66 = 0, -2*k - 4 = 5*i - 44. Calculate the remainder when 38 is divided by k.
8
Let z(v) = -v**2 + 10*v - 9. Let o be (25/(-2))/(4/8). Let i be (-1)/4 + o/(-4). Calculate the remainder when z(i) is divided by 8.
7
Suppose 4*i - 3*o = 2*o + 31, -2*o = 6. Suppose i*m - 68 = -0*m. What is the remainder when 6 is divided by 2/(-5) + m/5?
0
Let g = -5 + 20. What is the remainder when 44 is divided by g?
14
Suppose 4*q + 0*q = 28. Let p = 112 - q. What is the remainder when p is divided by 27?
24
Calculate the remainder when 51 - 8/(-6 - -2) is divided by (9/(-4))/(1/(-8)).
17
Suppose 0 = -5*v + v + 2*s + 8, 2 = v - 5*s. Calculate the remainder when (-3)/(9/(-15)) + v is divided by 3.
1
Let q = 6 + -3. Suppose -1 - 26 = q*j. Let x = j - -16. Calculate the remainder when x is divided by 4.
3
Let g = -38 + 113. What is the remainder when g is divided by 20?
15
Let u be (0 - 0) + 0 + 28. Suppose -f = 3*w - 127, 2*w + 15 = -4*f + 113. Calculate the remainder when w is divided by (-2)/(-2*2/u).
13
Let h = -37 - -58. Calculate the remainder when h is divided by (-2)/2 - 1 - -13.
10
Let j(z) = 2*z**2 + 7*z + 12. What is the remainder when j(-7) is divided by 16?
13
Suppose 2*k = 4, 2*o + 1 = 3*k + 3. Suppose -j = 5*u - 19, 4*j - 5*u + 6*u - 38 = 0. What is the remainder when j is divided by o?
1
Let f(r) = 4*r**2 + 2*r + 1. What is the remainder when 125 is divided by f(2)?
20
Let k(z) = 6*z - 5. Let a(q) = -3*q + 2. Let s(p) = 5*a(p) + 3*k(p). Calculate the remainder when s(6) is divided by 7.
6
Let p = -98 - -43. Let y = 2 - p. Calculate the remainder when y is divided by 15.
12
Suppose -5*t - 4*x + 86 = 0, 0*x + 50 = 3*t + 2*x. Let g = t - -1. Calculate the remainder when g is divided by 9.
6
Let x be 12/1 + 2 + -1. Suppose -25 - x = -b. What is the remainder when b is divided by 13?
12
Suppose f = -4*f + 15. Suppose -y + 4*x = -15, 5*x = f*y + 2*x - 36. What is the remainder when 21 is divided by y?
10
Suppose -o = 3*z - 6*z + 18, 3*o - 4*z + 79 = 0. Let l = -7 - o. Let b(w) = w**3 + 6*w**2 - 9*w. Calculate the remainder when l is divided by b(-7).
12
Let k(l) = l**2 - 6*l + 5. Let f be k(6). Let b = 18 - f. What is the remainder when b is divided by 7?
6
Suppose 7*m - 6*m = 10. Let l = m - 6. Suppose -163 + 27 = -l*x. What is the remainder when x is divided by 18?
16
Let d(y) = -2*y**2 - 8*y - 4. Let n be d(-3). Suppose -2 = -5*a - n*h + 17, 5*h - 10 = 0. What is the remainder when 5 is divided by a?
2
Suppose n - 2 + 0 = 0. Suppose 0*h + 36 = h. Calculate the remainder when h is divided by n/(1/((-57)/(-6))).
17
Let h(i) = i**2 - 10*i + 12. Let r be h(9). Suppose 57 = r*k + 12. Calculate the remainder when 44 is divided by k.
14
Let i(g) = 5*g**2 + g + 5. Calculate the remainder when i(-2) is divided by 12.
11
Let r(c) = 2*c - 7. Let d(s) = -s + 8. Let y(z) = 6*d(z) + 7*r(z). Calculate the remainder when 45 is divided by y(3).
22
Let i be 3 + -1 + -8 + 0. Let w be (3/i*-10)/1. Suppose -p - 55 = -4*j - 0*p, j - 19 = -w*p. Calculate the remainder when 55 is divided by j.
13
Let r be (-4)/20 - 52/(-10). Let h be (-1 + r/(-2))*-2. Suppose 3*c = h*c - 56. What is the remainder when 41 is divided by c?
13
Let c(i) = -i**2 - 5*i + 20. Calculate the remainder when c(-7) is divided by 3.
0
Let u = -173 - -358. Calculate the remainder when u is divided by 17.
15
Let z = -4 - -8. Suppose -z*f = -9*f - 30. What is the remainder when 4 is divided by f/((-1)/(2/4))?
1
Suppose 4*l = 2*l - 3*v + 23, -5*v + 9 = -4*l. Calculate the remainder when 13 is divided by l.
1
Suppose f = -3*f + 80. Suppose l - 25 = -4*s, -f = -3*s + l - 3*l. Calculate the remainder when 9 is divided by s.
3
Suppose -90 = -i - 4*i. Let b(s) = -4*s**3 - 3*s**2 + 4*s + 1. What is the remainder when b(-3) is divided by i?
16
Let d(w) = 8*w - 5. Let a = 9 + -5. Let c = -32 + 46. What is the remainder when d(a) is divided by c?
13
Suppose -6 = 4*w - 6*w. Let m(q) = 9*q + 1. Calculate the remainder when m(w) is divided by 15.
13
Suppose -25 = 5*z, 4*u - 2*z - 225 = -u. Let r be (2/(-2))/((-1)/2). Suppose 45 = r*t + t. What is the remainder when u is divided by t?
13
Suppose 0*o - 39 = -o. What is the remainder when o is divided by 11?
6
Let v(t) = 2*t - 9. Let s be v(-10). Let h = s + 53. What is the remainder when h is divided by 9?
6
Let y(l) = -l**3 + 6*l**2 + 3*l + 2. Suppose 0 = -2*q + 8, -4*i + 4*q + 8 = -132. What is the remainder when i is divided by y(6)?
19
Suppose 3*d + 5*l = -d + 60, 0 = -3*d + 5*l + 45. Let h(x) = -2*x**2 + 2*x + 1. Let g be h(-1). What is the remainder when d is divided by ((-8)/3)/(g/9)?
7
Let k(t) = 3*t**2 + 2*t + 1. Let c be k(-1). Let u(a) = 15*a - 3. Calculate the remainder when u(c) is divided by 15.
12
Suppose -2 = l + 5*v + 8, -v = -3*l + 18. Calculate the remainder when 29 is divided by l.
4
Suppose -15 = -3*s + 54. What is the remainder when 90 is divided by s?
21
Suppose 4 = -2*r + z + 10, -10 = 2*r - 5*z. Suppose n = 3*d + 11, -2*n + 18 = 5*d + 7. Suppose b = r*b - n. Calculate the remainder when 2 is divided by b.
0
Let f = 9 - -69. Calculate the remainder when f is divided by 16.
14
Suppose s + a - 12 = 0, 4*a = -11*s + 6*s + 64. Suppose -11 - 19 = -l. What is the remainder when l is divided by s?
14
Let k(j) be the third derivative of 0 + 0*j**3 - 1/24*j**4 + 0*j - 1/30*j**5 - 19/120*j**6 - j**2. Calculate the remainder when 52 is divided by k(-1).
16
Suppose -b - 2*b = -12. Let m = 6 + -3. Suppose -z = 5*w - 33, m*w = z + 4*z + 31. Calculate the remainder when w is divided by b.
3
Let k = 72 - 44. Let s = k + 9. Calculate the remainder when s is divided by 13.
11
Let r = -11 + 24. Let x = -5 + r. What is the remainder when 15 is divided by x?
7
Suppose 0 = b + 3*b + 4*q - 120, -q = -5. Suppose 4*k + 0*k = 16. Suppose 2*n - 4 = -3*m + 10, 5*n = -k*m + 35. What is the remainder when b is divided by n?
4
Suppose 4*c - 7 = 13. Suppose 7 = 4*l + 2*p - 1, c*p = -10. What is the remainder when l is divided by 1?
0
Let s = 82 + -42. Calculate the remainder when s is divided by 14.
12
Suppose -2*w + k = -22, -3*w + 5*k = -w - 6. Let g(o) = o + 2. Let j be g(-7). Let v = j - -29. What is the remainder when v is divided by w?
11
Let i = -3 + 0. Let f = i + 7. What is the remainder when 10 is divided by f?
2
Let m(p) = -p**3 + 2*p**2 + 5*p - 4. Let v be m(3). Suppose -84 = -v*a - a. Let h(u) = -10*u**3. What is the remainder when a is divided by h(-1)?
8
Let m(v) = -19*v + 3. Let s(r) = 6*r - 1. Let o(y) = 2*m(y) + 7*s(y). Let p be o(4). What is the remainder when 10 is divided by (-2)/(-4)*(p - 3)?
4
Calculate the remainder when 3 is divided by 1*(1 + 2 - 0).
0
Let m = 4 + 1. Let i be m/(1 + (0 - 0)). Let n = 18 - i. Calculate the remainder when 37 is divided by n.
11
Let n be 124/3 + (-2)/(-3). Suppose -n = -3*g + 2*w, 2*g + w - 4*w = 33. Calculate the remainder when 1/((g/(-129))/(-4)) is divided by 15.
13
Let s(y) = y**3 - 7*y**2 + 8*y + 2. What is the remainder when s(6) is divided by 10?
4
Let s = -158 - -189. Calculate the remainder when 123 is divided by s.
30
Let w(m) = -m**3 + 12*m**2 - 11*m + 9. What is the remainder when w(11) is divided by 6?
3
Suppose 0 = 5*w - 15, -3*v = 4*w - 8*w - 42. Calculate the remainder 